{"id":16,"date":"2024-04-03T12:07:15","date_gmt":"2024-04-03T10:07:15","guid":{"rendered":"https:\/\/magnesioimsa.es\/?page_id=16"},"modified":"2024-06-16T11:04:44","modified_gmt":"2024-06-16T09:04:44","slug":"magnesio-imsa","status":"publish","type":"page","link":"https:\/\/magnesioimsa.es\/","title":{"rendered":"Magnesio Imsa"},"content":{"rendered":"\n<div class=\"wp-block-columns alignwide is-layout-flex wp-container-core-columns-is-layout-9d6595d7 wp-block-columns-is-layout-flex\">\n<div class=\"wp-block-column is-layout-flow wp-block-column-is-layout-flow\">\n<figure class=\"wp-block-image size-full\"><img loading=\"lazy\" decoding=\"async\" width=\"570\" height=\"320\" src=\"https:\/\/magnesioimsa.es\/wp-content\/uploads\/2024\/04\/magnesio-imsa-salinas.jpeg\" alt=\"\" class=\"wp-image-17\" srcset=\"https:\/\/magnesioimsa.es\/wp-content\/uploads\/2024\/04\/magnesio-imsa-salinas.jpeg 570w, https:\/\/magnesioimsa.es\/wp-content\/uploads\/2024\/04\/magnesio-imsa-salinas-300x168.jpeg 300w\" sizes=\"auto, (max-width: 570px) 100vw, 570px\" \/><\/figure>\n<\/div>\n\n\n\n<div class=\"wp-block-column is-layout-flow wp-block-column-is-layout-flow\">\n<h2 class=\"wp-block-heading\">Extracci\u00f3n de Sulfato de Magnesio natural en el yacimiento de la Higuera<\/h2>\n\n\n\n<p>INDUSTRIAS QUIMICAS DEL MAGNESIO,S.A. empieza sus actividad en 1955 con la extracci\u00f3n de Sulfato de Magnesio natural en el yacimiento de la Higuera, Albacete.<\/p>\n\n\n\n<p>Hoy en d\u00eda se sigue produciendo naturalmente mediante procesos mec\u00e1nicos de cristalizaci\u00f3n que nos otorgan una productividad muy elevada con unos costes de producci\u00f3n contenidos. Lo que origina un producto de alta calidad muy competitivo.<\/p>\n\n\n\n<p>Actualmente IMSA cuenta con varios puntos productivos altamente tecnificados donde se realiza las miner\u00eda de extracci\u00f3n, fabrica de procesos de purificaci\u00f3n, fabrica de granulaci\u00f3n, envasados de alta producci\u00f3n, centro log\u00edsticos, etc\u2026 para que siempre llegue a nuestros clientes el magnesio y azufre soluble de la forma mas r\u00e1pidamente posible.<\/p>\n<\/div>\n<\/div>\n","protected":false},"excerpt":{"rendered":"<p>Extracci\u00f3n de Sulfato de Magnesio natural en el yacimiento de la Higuera INDUSTRIAS QUIMICAS DEL MAGNESIO,S.A. empieza sus actividad en 1955 con la extracci\u00f3n de Sulfato de Magnesio natural en el yacimiento de la Higuera, Albacete. Hoy en d\u00eda se sigue produciendo naturalmente mediante procesos mec\u00e1nicos de cristalizaci\u00f3n que nos otorgan una productividad muy elevada [&hellip;]<\/p>\n","protected":false},"author":1,"featured_media":0,"parent":0,"menu_order":0,"comment_status":"closed","ping_status":"closed","template":"","meta":{"_genesis_hide_title":true,"_genesis_hide_breadcrumbs":false,"_genesis_hide_singular_image":false,"_genesis_hide_footer_widgets":false,"_genesis_custom_body_class":"","_genesis_custom_post_class":"","_genesis_layout":"","footnotes":""},"class_list":{"0":"post-16","1":"page","2":"type-page","3":"status-publish","5":"entry"},"_links":{"self":[{"href":"https:\/\/magnesioimsa.es\/index.php\/wp-json\/wp\/v2\/pages\/16","targetHints":{"allow":["GET"]}}],"collection":[{"href":"https:\/\/magnesioimsa.es\/index.php\/wp-json\/wp\/v2\/pages"}],"about":[{"href":"https:\/\/magnesioimsa.es\/index.php\/wp-json\/wp\/v2\/types\/page"}],"author":[{"embeddable":true,"href":"https:\/\/magnesioimsa.es\/index.php\/wp-json\/wp\/v2\/users\/1"}],"replies":[{"embeddable":true,"href":"https:\/\/magnesioimsa.es\/index.php\/wp-json\/wp\/v2\/comments?post=16"}],"version-history":[{"count":3,"href":"https:\/\/magnesioimsa.es\/index.php\/wp-json\/wp\/v2\/pages\/16\/revisions"}],"predecessor-version":[{"id":140,"href":"https:\/\/magnesioimsa.es\/index.php\/wp-json\/wp\/v2\/pages\/16\/revisions\/140"}],"wp:attachment":[{"href":"https:\/\/magnesioimsa.es\/index.php\/wp-json\/wp\/v2\/media?parent=16"}],"curies":[{"name":"wp","href":"https:\/\/api.w.org\/{rel}","templated":true}]}}